 -0. Let p be f + -1 - (-5 + -28). Calculate the highest common divisor of 14 and p.
7
Let z(k) = -k**2 - 18*k + 24. Let l be z(-12). What is the highest common divisor of l and 12?
12
Let i be 24*(3 + (-10)/4). Suppose 2*o = -2*o + 16. What is the highest common factor of o and i?
4
Let n(o) = -o + 7. Let y = 9 - 14. Let z be n(y). What is the highest common divisor of z and 18?
6
Let h be (4/(-2))/((-1)/15). Let n(i) = 11*i - 1. Let a be n(6). Let k = a - h. Calculate the highest common divisor of 14 and k.
7
Suppose 4*q = 10*q - 36. Calculate the highest common divisor of 21 and q.
3
Let c = -15 + 30. Suppose 0 = -2*q + 7 + c. What is the greatest common factor of q and 11?
11
Let u be 1/((-130)/44 + 3). Let r(z) = z**2 - 5*z + 2. Let b be r(5). What is the highest common factor of u and b?
2
Let v be ((-7)/2)/7*-20. Calculate the greatest common factor of 40 and v.
10
Suppose -4*s + 4*w + 41 = s, w + 14 = 2*s. Let o = s - 9. Let b be (-2)/o + 6/4. Calculate the greatest common factor of 22 and b.
2
Let w = 571 - 286. Let i be (-1)/4 + w/20. Calculate the highest common divisor of 126 and i.
14
Suppose -2*r = 3*r - 275. Let o be 14/8 + (-1)/(-4). Suppose -d - 5 = -o*d. What is the greatest common factor of r and d?
5
Suppose 96 = -2*j - 2*j. Let q = 9 + -23. Let w = q - j. Calculate the greatest common factor of w and 80.
10
Let w be 1*6*(-2)/(-2). Let j = -4 + w. Suppose 0*q + 21 = j*q + p, -5*q + 4*p + 72 = 0. What is the greatest common factor of q and 84?
12
Let i(f) = -11*f - 11. Let z be i(-18). Calculate the highest common factor of 17 and z.
17
Suppose 2 = -p - p. Let g be 2 + 7*p*-17. Let l = 39 + -28. What is the highest common factor of l and g?
11
Let h be (-4 - (-3 + 2)) + 0. Let w be h - (3 - 3*38). Calculate the greatest common divisor of 12 and w.
12
Suppose -6 = -n + 12. Let u = 76 - 31. Calculate the highest common factor of n and u.
9
Let p(o) = -o**3 + 11*o**2 + 16*o + 7. Let v(y) = y**2 - 4. Let c be v(4). Let w be p(c). Calculate the greatest common divisor of 22 and w.
11
Suppose 5*k - 57 = -4*p, -4*p = -4*k - 0*p + 24. Suppose -3*b = b - 252. Calculate the greatest common factor of k and b.
9
Let d be 1 + -2 + (67 - 0). Let q = d + -35. Let i = 44 - q. Calculate the highest common divisor of i and 13.
13
Let h(o) = -2*o + 1. Let w be h(-8). Suppose -59 = -c + 348. Let z be 2/6 - c/(-3). Calculate the highest common factor of w and z.
17
Let h be -1 + (1 + 0)*3. Suppose -t + 3*y - 12 = -0*y, -4*y + 6 = h*t. Let i be t/2*-10 + -3. What is the highest common factor of 6 and i?
6
Let h = 2 - 2. Suppose -4 = -y + q, -5*y - 7 = 4*q - h*q. What is the highest common factor of y and 11?
1
Suppose -h + 3*j + 18 = 0, 2*h = 2*j + j + 21. Suppose -h = c - 9. Calculate the highest common factor of c and 54.
6
Suppose 67 = 4*p - 3*o - 33, o = 0. Let h = -13 + p. What is the highest common divisor of 24 and h?
12
Let c(n) = n**3 + 9*n**2 + 9*n - 2. Let l be c(-7). Let z = 16 - -6. What is the greatest common factor of l and z?
11
Suppose 10*f + 3 = 13*f. What is the highest common factor of 1 and f?
1
Let f be 3*(4 - (-86)/3). Suppose 2*s - f = 84. Let b = 12 + 1. Calculate the greatest common divisor of b and s.
13
Let s be 1/3*(-5 + 41). Let u = -27 - -11. Let z = u + 22. What is the highest common divisor of z and s?
6
Let o = -109 + 122. Calculate the highest common factor of 52 and o.
13
Let x = 68 + -58. What is the greatest common divisor of x and 270?
10
Let x be 2*67/2 - (-42 - -45). Calculate the highest common factor of x and 256.
64
Let h = -20 - -6. Let j be -1 - h - (-2 + -1). Calculate the greatest common divisor of j and 16.
16
Let z be ((-5)/(-15))/(2/6). Let h be z/((-1)/(-2)) - 0. Let g be h + 45 - (3 + -1). Calculate the highest common divisor of g and 15.
15
Suppose 5*w - 4*q = 912, -346 = -3*w + 4*q + 198. Calculate the greatest common divisor of 23 and w.
23
Let c be 5*-1*258/(-2). Suppose 4*a = -5*g + 553, -3*a - c = -8*a + 3*g. Let v be -2*(3 - -3)*-1. What is the highest common factor of v and a?
12
Suppose -4*l + 5*r - 8 = -2*l, -14 = -4*l - 5*r. Calculate the greatest common divisor of 7 and l.
1
Let t be (-4)/(-2) + (104 - 3 - -2). What is the highest common factor of 21 and t?
21
Let a be (-15)/(-1) - 45/15. What is the greatest common factor of 12 and a?
12
Let t = -342 + 495. What is the greatest common factor of t and 9?
9
Let b = -31 - -70. Calculate the highest common divisor of b and 13.
13
Suppose -492*q + 498*q - 42 = 0. Let w = 38 + 39. Calculate the highest common divisor of q and w.
7
Let f be (-3 + 0)/((-6)/28). Suppose -5*a + 60 = 5*x, 0 = -4*a - x - 0*x + 33. What is the highest common divisor of f and a?
7
Let r(c) = -c**2 + 6*c + 2. Let f be r(7). Let s = 16 + f. What is the highest common divisor of 77 and s?
11
Suppose -h - 7 = 17. Let s be (h/(-20))/((-6)/(-20)). Suppose 5*y - 60 = -s*o, 9 = o + 3*y - 6. What is the highest common factor of o and 75?
15
Let l(v) = -8*v - 20. Let n be l(-7). What is the highest common divisor of 12 and n?
12
Let v(f) = 12*f**3 + 3*f**2 + f. Let y be v(3). Let s = -46 + y. Suppose -r - r = -s. What is the greatest common divisor of r and 14?
14
Let v be 20*-6*(-2)/8. Suppose -2*g - 369 = -5*o, 3*o - 4*g - 234 = -7*g. What is the highest common divisor of v and o?
15
Let y = 54 + -30. Let f = -6 + 66. Calculate the highest common divisor of f and y.
12
Suppose 3*i + 20 = 8*i. Let u be (0 - 1 - -1)/1. Suppose u = 2*m + 3*p - 26, 3*m + p = 8 + 24. Calculate the highest common divisor of i and m.
2
Suppose -4*b - 2*g + 24 = 2*g, 2*g = -5*b + 21. Let p be 11 - 2 - (b + -1). Let r = 94 - 17. Calculate the highest common factor of r and p.
7
Suppose 2*t + 14 = 3*t. What is the highest common divisor of t and 42?
14
Suppose -3*b + 27 = 2*b + 2*l, 5*b - 43 = 2*l. Suppose b*x = 2*x + 240. What is the highest common factor of x and 16?
16
Let n(y) = -y**3 - 9*y**2 - 10*y + 7*y**2 - 7*y**2 - 3. Let p be n(-8). Calculate the greatest common divisor of p and 13.
13
Let v = 25 - 14. Let b be -33*(-5 - (-8)/6). Calculate the greatest common factor of b and v.
11
Suppose -2*c + 5 - 13 = 3*q, 0 = q + 4. Calculate the greatest common divisor of c and 2.
2
Let n = 2 - -36. Suppose n + 48 = d. Let k = d + -50. Calculate the greatest common divisor of k and 4.
4
Let p(i) = -i**3 - 3*i**2 + i - 3. Let f be p(-4). Let r(z) = 2*z - 13. Let y be r(11). What is the greatest common factor of y and f?
9
Suppose -3*p - 3*g = -39, -3*p + 8*p = g + 65. Let b be (-3 + 4)*(1 + 12). What is the highest common divisor of b and p?
13
Let q(f) = f + 8. Let i be q(-3). Suppose 3 = -2*h + 113. Calculate the greatest common factor of h and i.
5
Let a = 7 - -2. Calculate the greatest common divisor of a and 99.
9
Let f be (6 + -7)/((-2)/24). Calculate the highest common factor of 28 and f.
4
Let h = 6 - -14. Calculate the highest common factor of 60 and h.
20
Suppose -8*v = -4*v, -2*a = 5*v - 24. Let k be (a/14)/(1/21). Let i(t) = 81*t. Let m be i(2). Calculate the highest common divisor of m and k.
18
Suppose -a - 11 = -m - 2, -3*m = 2*a - 7. Suppose i + 0*i = m*n - 40, 0 = -n - 2*i + 8. What is the greatest common factor of n and 88?
8
Suppose -2*u + l + 37 = 0, -2*u - 3*u = -3*l - 91. What is the highest common factor of 220 and u?
20
Suppose 0 = -20*c + 13*c + 84. Suppose 2*g + 4*p - 72 = 0, 3*g + 2*p + 57 = 165. What is the highest common factor of g and c?
12
Let z be ((-52)/(-8))/((-1)/4). Let r = 70 + z. Calculate the greatest common divisor of 4 and r.
4
Suppose 1 = 3*p - 5. Suppose -62 = -p*c - 5*s + 33, 0 = 5*c + 3*s - 209. What is the highest common factor of 16 and c?
8
Let i = -20 - -31. Suppose -3*k + 92 = -73. What is the highest common factor of k and i?
11
Suppose -9 - 1 = -5*t - 2*b, 5*b = 2*t - 33. Suppose -v + 0 = -2. Let y be t + -2 - 0/v. What is the greatest common divisor of y and 3?
1
Suppose -16 = -4*z - 2*n, -5*z + 25 = -n + 5. Let y be -6*z/6*-5. Let w be (4*2)/(-13 + 15). Calculate the highest common factor of y and w.
4
Let u(r) = 40*r**2 + 7*r - 8. Let z be u(1). What is the greatest common factor of z and 429?
39
Let a be (-5)/(-7) + 16/56. Let c = a + 7. Suppose 3*f - 2*j - 12 = 0, -2*j + 6 = 4*f - 10. What is the greatest common factor of c and f?
4
Let 